)/(-5)).
2, 3, 113
Let g(l) = 307*l - 101. Suppose 4*f = -2*p - 6, -2*f + 6 = -0*p + 4*p. What are the prime factors of g(p)?
2, 5, 41
Let m be (-27)/9 - (-310 + 2). Suppose 0 = -y - q + 95 + 58, -2*y + m = q. Suppose 0 = -2*g + g + y. List the prime factors of g.
2, 19
Let b(f) = f**3 - 10*f**2 - 12*f - 6. Let w be b(11). Let z = w + 62. Let n = -30 + z. List the prime factors of n.
3, 5
Suppose 5*u = -2*t + 71494, u + 5*u + 4*t = 85788. List the prime factors of u.
2, 5, 11, 13
Suppose -7*m = -3*m - 28*m + 223392. What are the prime factors of m?
2, 13, 179
Suppose 0 = 5*t + 7 + 13. Let m be (8/t - -67) + 2. List the prime factors of 1 + (m + 1)/4.
2, 3
Suppose -s - 4*u + 2 - 18 = 0, -3*s - 3*u = 21. List the prime factors of 6 - (-2 + s + -473).
5, 97
Let a(p) = -3*p**2 + 4*p - 5. Let c be a(3). Let k be 24/c*(-2555)/14. Let l = k - -44. What are the prime factors of l?
263
Let l be (-268)/(-34) + -4 + (-2)/(-17). Let a(f) = 103*f**2. Let d be a(1). Suppose -4*z - 2*v + 425 = d, 3*v = l*z - 307. What are the prime factors of z?
79
Suppose -c + 6900 = 11*c. Let y = c - 131. List the prime factors of y.
2, 3, 37
Suppose 4*j - 4*a - 65880 = 0, 0 = -197*j + 192*j - 4*a + 82305. List the prime factors of j.
5, 37, 89
Let x(b) = b**3 + 49*b**2 + 372*b - 36. Let l be x(-10). Let g(k) = k**2 + 6*k + 6. Let w be g(-4). What are the prime factors of -11 - -7 - ((-2)/w - l)?
139
Let l(k) = 795*k**2 + 188*k - 377. List the prime factors of l(2).
11, 17
Suppose 0 = -5*q + 3 + 22. Suppose -4495 = -5*h + 5*n, -5*h = q*n + 2360 - 6855. What are the prime factors of h?
29, 31
Let s be 84/(-98) - (-492)/(-14). Let g(q) = q**2 - q - 7. Let m be g(-7). Let y = m - s. What are the prime factors of y?
5, 17
Suppose 2*j - 5*t - 472 = -3*t, -2*j - t = -466. Let z = 1469 - j. What are the prime factors of z?
5, 13, 19
Let m(a) = -a**3 + 232 + 2*a**2 - 6*a**2 - 225. List the prime factors of m(-6).
79
Let i = -19669 + 32908. List the prime factors of i.
3, 1471
Suppose 0 = 11*m - 1775 - 2053. Suppose 5*t = t + m. What are the prime factors of t?
3, 29
Suppose 36*z - 270*z + 892432 = 297136. List the prime factors of z.
2, 3, 53
Let r(w) = -14 + 20 + 19*w**2 - w**3 - 10 - 18*w. Let a be r(18). List the prime factors of 35*(a + (-26)/(-5)).
2, 3, 7
Let j = -2 - -1. Let q be -1*(-9 - 12/2). List the prime factors of -2 + 0 + q + j + 0.
2, 3
Suppose -b + 0*b - 3737 = -4*x, -1846 = -2*x - 4*b. Let v = -543 + x. List the prime factors of v.
2, 3, 5, 13
Suppose -779 = 6*u + 1651. List the prime factors of 54/(-225)*15*u.
2, 3
List the prime factors of (-145706)/(-4) - -2 - (25/(-2))/25.
3, 12143
Let r(k) be the third derivative of -11*k**4/24 - k**3/3 + 514*k**2. Let j = -44 - -31. List the prime factors of r(j).
3, 47
Suppose -3*c - 550 = -m - 7*c, -4*c = -5*m + 2678. Let y = m - 252. What are the prime factors of y?
2, 11, 13
Suppose -4*j = 3*x - 31, 4*x = 3*j + 3 + 5. Suppose 2*t = 7*r - x*r - 1010, -2*r - 5*t = -982. What are the prime factors of r?
3, 167
Suppose -593 = -7*n + 828. Let j = n - 21. List the prime factors of j.
2, 7, 13
Let l(c) = 31*c**2 + 5*c - 1. Let y be l(2). Suppose -5*w = 3*d - 1363, 3*w - 5*d = 978 - y. List the prime factors of w.
5, 11
Let g(b) = b**2 - 9*b - 6. Let y be g(10). Suppose 2*z = 4*t + 164, -y*z + 0*z = 3*t - 383. What are the prime factors of z?
2, 23
Let p(d) = -2200*d - 157. What are the prime factors of p(-2)?
4243
Let d = -14597 + 30501. What are the prime factors of d?
2, 7, 71
What are the prime factors of 269 + (-169)/117*-9?
2, 3, 47
Suppose -c + 36 = 28. List the prime factors of 9/6*c/6 + 26.
2, 7
Let q(r) = -r**3 + 19*r**2 + 8*r + 11. Let s(h) = -h**3 + 4*h**2 - 7*h + 6. Let z be s(3). What are the prime factors of q(z)?
863
Let s = 33258 - 15415. List the prime factors of s.
7, 2549
Suppose 188 = 32*v - 31*v. Let q = v - 131. Suppose 7*m - 230 - q = 0. List the prime factors of m.
41
Suppose 18*q = w + 15*q + 650, 2*w + 1314 = -q. Let b = w - -1500. What are the prime factors of b?
2, 211
Suppose -2*o + 50 = -2*j, 0*j = -5*o + 2*j + 110. Let z = 23 - o. Suppose -5*l + 248 = -z*l. List the prime factors of l.
2, 31
Suppose 0 = 5*h + 4*q + q - 2650, 0 = -3*h - 2*q + 1586. Let f = h - 179. What are the prime factors of f?
347
Let v = 50 + -53. Let u be -2 + (4 - -1) + v. Suppose a + r + 0 - 48 = u, -r = -3*a + 152. What are the prime factors of a?
2, 5
Let z(p) = p**2 + 3*p + 78. Let k be z(0). What are the prime factors of 182/k*(-144)/(-1)?
2, 3, 7
Suppose w - 57 = 5*h - 203, -5*h + 134 = -4*w. What are the prime factors of (62/(-4))/((-15)/h)?
31
Suppose -5*j = -5*f - 3*j, -4*f - 3*j + 23 = 0. Suppose -14 = f*g + b, -3*g - 5*b + 9 - 44 = 0. What are the prime factors of -4 - (g + 2 - 37)?
2, 3
List the prime factors of (1062/(-10))/(-36 + (-488451)/(-13570)).
2, 3, 59
Let i = 3191 + 7381. What are the prime factors of i?
2, 3, 881
Let l(q) = q**2 - 2. Let a be l(-2). Let r(v) = 16*v**2 + 4*v**a - 3*v + v - 3*v**2. List the prime factors of r(-2).
2, 3
Suppose 4*m = c - 5785, c + 5*m = -c + 11570. What are the prime factors of c?
5, 13, 89
Suppose -5*j = -5, 0*j - 4*j + 13 = 3*m. Let g be 8/(8/m) + 4719/1. What are the prime factors of g/42 + (-8)/(-14)?
113
Let a(m) = 2*m**3 - 243*m**2 + 110*m + 265. List the prime factors of a(123).
2, 127, 233
What are the prime factors of (48306/8)/((-232)/(-928))?
3, 83, 97
Let f = 111 - 111. Suppose f = -3*o - 6, 55 + 24 = g - 2*o. List the prime factors of g.
3, 5
Let h = 139 + -164. List the prime factors of (3 - h/10*-8)*-1.
17
Suppose -10 = -4*q + 14. Suppose -3 = -q*m + 21. Suppose 0*s + 93 = j + 5*s, m*s + 16 = 0. List the prime factors of j.
113
Let n = -202 - -207. What are the prime factors of (-17836)/(-65) - 2/n?
2, 137
Suppose 5*l - 12*l = 0. Suppose l = -f + 3 + 5. List the prime factors of (-1)/f + (-13401)/(-72).
2, 3, 31
Suppose 7*k - 385 = -0*k. Suppose -1590 = 49*y - k*y. What are the prime factors of y?
5, 53
Let t(c) = -78 - 9*c - 37*c + 24. Let s(x) = x**3 - 4*x - 5. Let n be s(-2). List the prime factors of t(n).
2, 11
Let y = 10821 - 3809. List the prime factors of y.
2, 1753
Let i(o) = -9*o - 26. Suppose -3 = -r + 5*d, -4*r + 3*d - 2*d = -88. Let x = r - 35. What are the prime factors of i(x)?
2, 41
List the prime factors of 190*7*48/14*20216/1520.
2, 3, 7, 19
Suppose -932 = l - 5*y, -4*l = -5*y + 7*y + 3794. Let u = 2447 + l. List the prime factors of u.
2, 3, 5
Let w(h) be the third derivative of -h**4/6 - 11*h**3/3 - 3*h**2. Let f be w(-6). Suppose a = n - 50, -50 = -f*n + n - 2*a. List the prime factors of n.
2, 5
Let y = 105 - -571. Let n be -68*(-10)/8*(-4 - 1). Let o = n + y. What are the prime factors of o?
251
Let q = 2825 + -2798. Let y = 81 + -57. List the prime factors of (-16)/y*q/(-2).
3
Let t(v) be the third derivative of -3/2*v**4 + 0*v**3 + 0 + 0*v - 5*v**2. List the prime factors of t(-3).
2, 3
Let q = -344 - -349. Suppose -265 = -g - 7*s + 5*s, -q*g + 1273 = -3*s. What are the prime factors of g?
257
Let h(r) = 2*r**2 + 13*r + 13. Let x be h(-12). Let d = 541 + x. List the prime factors of d.
2, 7
What are the prime factors of -9042*(1/(3 - (-1 + 3)) + -3)?
2, 3, 11, 137
Suppose 11*x - 6 - 38 = 0. Suppose -12*o - 4*y = -8*o - 660, 654 = x*o + y. What are the prime factors of o?
163
Suppose -2074*z + 2002*z + 2671225 - 526561 = 0. What are the prime factors of z?
3, 9929
Let g = -83 + 962. List the prime factors of g.
3, 293
Suppose -v + 2*p - 6 = -6*v, p + 2 = 0. Let h(a) = 15 + 12*a**3 - 15 - 3*a**3 - 4*a**2 + 2*a. What are the prime factors of h(v)?
2, 3, 5
Let y be -2 + (-586)/8 - (-2)/8. Let f be 30/(-70) - 17/(-7). List the prime factors of (210/y)/(f/(-70)).
2, 7
Suppose 0 = 10*z - 9*z - 4. Suppose z*b - 916 = -2*u, -2*u - 8*b + 3*b = -916. What are the prime factors of u?
2, 229
Let v(n) = -126*n - 8005. What are the prime factors of v(-120)?
5, 1423
Let k(q) = -q**2 + 5*q - 2. Let n be k(2). Suppose -2*m - 4*b + 10 = 0, -n*b + 1 = m - 6. What are the prime factors of (-2)/6 + 5/m*47?
2, 3, 13
Let i(a) = -7*a + 10 + 1533*a**2 - 1419*a**2 - 39. List the prime factors of i(-3).
2, 509
Let z(n) = -3*n - 10. Let r be z(-4). List the prime factors of r*1654/6 + 2/(-6).
19, 29
Let w(t) = 17*t**2 + 2*t - 1. Let f be w(1). Let h = 22 